*y = -24 + 100. What is the units digit of y?
9
Let m be (6/4)/((-5)/(-130)). Let r = 62 - m. What is the units digit of r?
3
Suppose 4*t - 6*t = -5852. What is the units digit of t/126 + 2/(-9)?
3
Suppose 4*l = 3*l + 72. What is the tens digit of l?
7
Let c be (-2)/(-1) - (-6 - -8). Suppose -110 = -c*l - 5*l. What is the units digit of l?
2
Let y(u) = u**3 + 4*u**2 + 3. Suppose -3*t = -3*r - 3, 0*r + 3*r - 1 = 5*t. What is the tens digit of y(r)?
1
Let a = -5 - -8. What is the units digit of 24/2 + 6/a?
4
Let r(s) = 10*s**2 + 7*s + 15. Let n(z) = 3*z**2 + 2*z + 5. Let w(c) = 7*n(c) - 2*r(c). What is the units digit of w(0)?
5
Let g(w) = w**2 - 10*w + 12. Let m(i) = 7*i + 7. Let n(y) = 3*y + 3. Let r(a) = 4*m(a) - 9*n(a). Let v be r(8). What is the units digit of g(v)?
3
Let i be (4/2)/((-10)/(-85)). Let m = 25 - i. Suppose m*u - 3*u + 3*k = 24, -16 = -u + 5*k. What is the units digit of u?
6
Let a(n) = n + 15. Let o be a(-5). Let t = o - -4. What is the tens digit of t?
1
Let p be 3*4 + 3 + 1. Let j be ((-40)/p)/(1/6). What is the units digit of 4*2/(-20)*j?
6
Suppose j - 7 = 6. What is the units digit of j?
3
Let w = 17 + 1. What is the tens digit of w?
1
Suppose -7*a = -2*a + 5. What is the tens digit of -16*a/6*9?
2
Let k = 3 + -3. Suppose t - 4 = -k. What is the units digit of t?
4
Suppose -20 = -4*y + 8. Let x = y - 10. What is the units digit of 30/(9/(-6) - x)?
0
Let j = 22 - 12. Let w = -9 + j. What is the units digit of w?
1
Let l = -18 - -75. What is the tens digit of l?
5
Let v(j) = 12*j**2 + j + 7. What is the units digit of v(-3)?
2
Let u = 11 - 10. What is the units digit of u?
1
Let v(n) = n**3 - 5*n**2 - 10*n + 8. What is the tens digit of v(7)?
3
Suppose -k = -5*y - 84, 2*k - 233 = -3*y - 0*y. What is the units digit of k?
9
Let j = 9 - -150. What is the tens digit of j?
5
Let h = -13 - -26. What is the tens digit of h?
1
Let v = -699 - -1007. What is the hundreds digit of v?
3
What is the tens digit of 1*3/((-9)/(-138))?
4
Suppose -2*h + 2*b + 8 = 0, 0 = 2*h + 2*h + b - 16. Suppose q + 4*q - 23 = -h*v, 0 = -q - 2*v + 7. What is the units digit of q?
3
Suppose 4*w - 16 = j, -4*w + 4*j = -7*w + 12. Suppose 36 = m + 8. Suppose -5*u + m = 4*o + 6, 0 = -2*o + w*u + 24. What is the units digit of o?
8
Suppose -3*z + 5 + 25 = 0. What is the units digit of z?
0
Let v be (15/(-6))/((-1)/(-2)). What is the units digit of v/10 + 54/4?
3
Let p = -84 + 140. What is the tens digit of p?
5
Let a(d) = -d**3 - 7*d**2 + 6. Let r be a(-7). Let m be (312/18)/(2/r). What is the units digit of m/10 + 1/(-5)?
5
Let s = 36 - 16. What is the tens digit of s?
2
Let w = -102 - -56. What is the tens digit of w/3*(5 + -8)?
4
Let w be (2 - 0)*(-1 + 2). Suppose b - 24 = -w*f - 3*b, 2*f - 33 = -b. What is the units digit of f?
8
Let s(b) = b**2 + 7*b + 8. Let c be s(-6). Suppose 2*u - p - 48 = 0, 21 = -3*u - c*p + 107. What is the units digit of u?
6
Let p = 26 + -7. What is the units digit of p?
9
Let r be (1/3)/((-2)/(-24)). Suppose 0 = 3*j + v - 13, 2 = -3*v - r. What is the units digit of j?
5
Suppose 0 = -i + 11 + 25. Suppose 2*d = 4*d - i. What is the tens digit of d?
1
Suppose 0 = 4*i, -f + 4*f - 4*i + 6 = 0. Let k be -5 + ((-2)/f - -1). What is the units digit of (4/6)/((-2)/k)?
1
Let c = 13 - 7. Suppose -12 = 4*l, -c*l = -2*b - 3*l + 45. What is the units digit of b?
8
Let b(n) = n**3 - n + 5. Let f be b(0). Let p = -3 + f. Suppose -5 = -q, -2*q + 0 = -p*r + 6. What is the units digit of r?
8
Let j(i) = 3*i**2 + 4*i + 6. Let r be j(-5). Suppose -14 = -3*z + r. What is the tens digit of z?
2
Suppose 4*d = -16, -u = -2*u - 4*d - 18. Let j be u - (1 + 1 + -22). Suppose 0*g + 2*g = j. What is the units digit of g?
9
Let k = 85 - 38. What is the tens digit of k?
4
Let h = -12 + 13. What is the units digit of (-2 + 0)/(-2) + h?
2
Suppose 4*n - 5*x - 57 + 16 = 0, 5*n = -4*x. Suppose 4*b = -n*q + 8, -q - 3*q + 2 = b. Suppose 7 = 3*m - b*m. What is the units digit of m?
7
Let h(g) = 7*g**2 - g + 1. Let k(f) = -3*f + 1. Let m be k(-1). Suppose 3*y - 4 = 2*d, 5*d - 11 = 2*d - m*y. What is the units digit of h(d)?
7
Let k be 6/(-3 - (-27)/6). What is the tens digit of ((-13)/k)/((-1)/4)?
1
Let g(f) = 8*f**2 + 2*f - 1. Let d(b) = b + 11. Let a be d(-10). Let v be (2/(-6))/(a/(-3)). What is the units digit of g(v)?
9
What is the tens digit of (-33 + -2)*(-63)/35?
6
Suppose b = 5*u + 48, -5*u = 6*b - 2*b - 192. What is the tens digit of b?
4
Let m(s) = s**3 - 7*s**2 + s - 9. Let p be m(7). What is the units digit of 4 - p - (2 + 0)?
4
Let x = -16 - -7. Let r = -2 - x. Let p = 12 - r. What is the units digit of p?
5
Let g(i) = i**3 + 3*i + 0 + 0 - 1 + 6*i**2. What is the units digit of g(-5)?
9
Let a be (0 - 3/(-6))*6. What is the units digit of (-18)/4*(-8)/a?
2
Let y(g) = 85*g - 31. Let h(f) = 17*f - 6. Let n(v) = 11*h(v) - 2*y(v). What is the units digit of n(2)?
0
Let x = -61 - -127. What is the units digit of x?
6
Let l = 2 - 2. Suppose l = 4*a + 2*j - 22, -7*a + 2*a - 5*j = -20. What is the units digit of a?
7
Let m(c) = 39*c**2 + c + 1. What is the tens digit of m(-1)?
3
Let k(f) be the third derivative of -f**6/120 - 7*f**5/30 - 3*f**4/4 - 5*f**3/3 + 4*f**2. What is the tens digit of k(-13)?
5
Let s be (3 - 3) + (2 - -4). Suppose -s*v + v = -375. Suppose l - v = -5*k - 4*l, 0 = 3*k - 3*l - 21. What is the tens digit of k?
1
Let c(o) = 44*o + 11. What is the units digit of c(4)?
7
Suppose 4*q + 30 = 2*y, 2*y + q = -1 + 6. Let u(a) = a**2 - 4*a + 3. What is the units digit of u(y)?
8
Let m(l) = -4 - l + 0 - 2*l**2 + 0 + l**2. Let o be m(-3). Let s = -5 - o. What is the units digit of s?
5
Let o(s) = s**3 + 14*s - 14*s - s**2 + 10. What is the units digit of o(0)?
0
Suppose -29 = -2*i - 3*w, w - 40 = -8*i + 3*i. What is the units digit of i?
7
Suppose 31*a = 29*a + 18. What is the units digit of a?
9
Let j(t) = -1 + 2 + 3*t - 2*t. What is the units digit of j(5)?
6
Let p(d) be the third derivative of -d**6/40 + d**3/6 - 3*d**2. Let a be p(-1). Suppose -a*c + 0 = -12. What is the units digit of c?
3
Suppose -3*m - 6 = -30. Suppose 1 - m = -d. What is the units digit of (d/(-2))/((-1)/2)?
7
Suppose a + 2*a + 5*y - 158 = 0, -3*a + 154 = y. What is the tens digit of a?
5
Let o(f) = -15 + 0 + f**3 + 7 + 2 + 12*f + 14*f**2. What is the units digit of o(-13)?
7
Let h(o) = o**3 + 3*o**2 + 2*o. Let w be h(-3). Let g(k) = -7*k + 0*k**2 - k**2 + 0*k**2. What is the units digit of g(w)?
6
Let z = -49 - -69. Suppose -4*f + z = 2*v, 7*f = -2*v + 4*f + 18. Suppose v*k - 2*k - 4 = 0. What is the units digit of k?
1
Suppose -5*b = 4*k - 29, 0*b + k - 21 = -4*b. Let o(x) = x**2 - 6*x + 2. Let t(n) = 1. Let i(w) = -o(w) + t(w). What is the units digit of i(b)?
4
What is the tens digit of (740/(-50))/((-2)/10)?
7
Suppose 24 = -2*i + 88. What is the tens digit of i?
3
What is the units digit of 47/5 - (-4)/(-10)?
9
Let c(x) = x**3 - 4*x**2 + 7*x - 5. What is the units digit of c(6)?
9
Let m be 4/(8/46) + -3. Let i = -2 + m. What is the tens digit of i?
1
Let f(u) = -2*u**2 + 4*u + 6. Let n be f(6). What is the tens digit of (-1566)/n - (-4)/(-14)?
3
Suppose -5*c = 9 + 6. Let l(z) = z**3 + 4*z**2 - z + 1. What is the units digit of l(c)?
3
Let g be 1/(((-1)/1)/4). Let a be (2/g)/((-3)/6). What is the units digit of (-23)/(-2) + a/(-2)?
1
Suppose 0 = -2*x + 4*s - 2, 0 = -0*x - 3*x - s + 11. Suppose -x*r - 130 = -8*r. What is the units digit of r?
6
Suppose 0 = 5*b + 15 + 5. Let q = b + 5. Let k = q + 4. What is the units digit of k?
5
Let t(l) = l**3 - 8*l**2 + 6*l + 9. What is the units digit of t(7)?
2
Let o = -42 + 80. What is the tens digit of o?
3
Suppose -q + 3*y - 2*y = 1, -5*y = -15. Suppose -q*x + 5*x - 90 = 0. What is the units digit of x?
0
Suppose -h + 0*h + 27 = q, -q - 3*h = -25. What is the units digit of q?
8
Suppose 224 = b - 5*b - 4*z, -4*z = 3*b + 173. Let u = 30 + b. What is the units digit of (u/(-9) + -2)*21?
7
Let j(v) = 14*v**2 + 1. What is the units digit of j(2)?
7
Suppose 0 = 3*k - 10*k + 434. What is the units digit of k?
2
What is the tens digit of 135/(-9)*1*-6?
9
Let a(g) = -g**3 + 8*g**2 + 4. Let f(d) = d - 3. Let l be f(5). Suppose l*v - 3*v + 8 = 0. What is the units digit of a(v)?
4
Let k(s) = -s + 32. What is the tens digit of k(0)?
3
Suppo